8
Calculate the remainder when 617712 is divided by 36335.
17
What is the remainder when 76798 is divided by 640?
638
What is the remainder when 14911 is divided by 16?
15
Calculate the remainder when 31961 is divided by 551.
3
Calculate the remainder when 72499 is divided by 5566.
141
Calculate the remainder when 187593 is divided by 194.
189
Calculate the remainder when 16045 is divided by 23.
14
Calculate the remainder when 750947 is divided by 2520.
2507
What is the remainder when 9581 is divided by 218?
207
What is the remainder when 40507 is divided by 73?
65
What is the remainder when 2523 is divided by 61?
22
What is the remainder when 21307 is divided by 805?
377
What is the remainder when 3309 is divided by 3283?
26
Calculate the remainder when 35331 is divided by 11761.
48
What is the remainder when 36838 is divided by 127?
8
Calculate the remainder when 72730 is divided by 116.
114
Calculate the remainder when 75882 is divided by 47.
24
What is the remainder when 30642 is divided by 5102?
30
Calculate the remainder when 982 is divided by 233.
50
What is the remainder when 7074 is divided by 34?
2
Calculate the remainder when 175060 is divided by 17.
11
What is the remainder when 1942 is divided by 1870?
72
Calculate the remainder when 609 is divided by 591.
18
What is the remainder when 919 is divided by 131?
2
Calculate the remainder when 66826 is divided by 655.
16
Calculate the remainder when 6304 is divided by 253.
232
What is the remainder when 135242 is divided by 598?
94
What is the remainder when 916174 is divided by 48?
46
What is the remainder when 603459 is divided by 745?
9
What is the remainder when 21487 is divided by 21464?
23
What is the remainder when 211450 is divided by 40?
10
What is the remainder when 7307 is divided by 428?
31
Calculate the remainder when 3295 is divided by 561.
490
Calculate the remainder when 47303 is divided by 550.
3
Calculate the remainder when 411797 is divided by 100.
97
What is the remainder when 15416 is divided by 25?
16
Calculate the remainder when 36718 is divided by 26.
6
Calculate the remainder when 37602 is divided by 9383.
70
What is the remainder when 141748 is divided by 18?
16
Calculate the remainder when 30448 is divided by 15177.
94
Calculate the remainder when 6367 is divided by 702.
49
Calculate the remainder when 1858 is divided by 760.
338
Calculate the remainder when 494 is divided by 86.
64
What is the remainder when 9076 is divided by 648?
4
Calculate the remainder when 2869 is divided by 22.
9
Calculate the remainder when 59850 is divided by 19937.
39
What is the remainder when 121542 is divided by 50?
42
What is the remainder when 847339 is divided by 81?
79
What is the remainder when 2399 is divided by 67?
54
What is the remainder when 837 is divided by 429?
408
What is the remainder when 756 is divided by 376?
4
Calculate the remainder when 322732 is divided by 226.
4
What is the remainder when 96217 is divided by 21?
16
What is the remainder when 23227 is divided by 1290?
7
Calculate the remainder when 5541 is divided by 186.
147
Calculate the remainder when 82007 is divided by 268.
267
Calculate the remainder when 17125 is divided by 552.
13
What is the remainder when 8011 is divided by 576?
523
Calculate the remainder when 43749 is divided by 21870.
9
What is the remainder when 68156 is divided by 58?
6
Calculate the remainder when 141851 is divided by 27.
20
What is the remainder when 2126 is divided by 87?
38
Calculate the remainder when 34588 is divided by 556.
116
What is the remainder when 1482 is divided by 1470?
12
What is the remainder when 549037 is divided by 20334?
19
What is the remainder when 79695 is divided by 100?
95
What is the remainder when 33578 is divided by 16781?
16
What is the remainder when 1113 is divided by 646?
467
What is the remainder when 3465008 is divided by 5?
3
Calculate the remainder when 219428 is divided by 226.
208
What is the remainder when 5722 is divided by 2858?
6
What is the remainder when 785 is divided by 653?
132
Calculate the remainder when 140564 is divided by 46853.
5
What is the remainder when 4924 is divided by 224?
220
Calculate the remainder when 112097 is divided by 161.
41
What is the remainder when 93603 is divided by 277?
254
What is the remainder when 150045 is divided by 1042?
1039
Calculate the remainder when 608 is divided by 605.
3
What is the remainder when 11250 is divided by 600?
450
Calculate the remainder when 27843 is divided by 13900.
43
What is the remainder when 370621 is divided by 1265?
1241
Calculate the remainder when 259601 is divided by 16.
1
What is the remainder when 227951 is divided by 53?
51
What is the remainder when 34651 is divided by 134?
79
What is the remainder when 32571 is divided by 120?
51
Calculate the remainder when 240 is divided by 44.
20
Calculate the remainder when 104049 is divided by 10.
9
What is the remainder when 8655 is divided by 6099?
2556
Calculate the remainder when 344998 is divided by 6.
4
What is the remainder when 757161 is divided by 21032?
9
Calculate the remainder when 164249 is divided by 15.
14
What is the remainder when 1730 is divided by 738?
254
Calculate the remainder when 14282 is divided by 592.
74
Calculate the remainder when 43221 is divided by 43215.
6
What is the remainder when 1425 is divided by 294?
249
What is the remainder when 403190 is divided by 480?
470
What is the remainder when 322593 is divided by 709?
707
What is the remainder when 4919 is divided by 4665?
254
Calculate the remainder when 390 is divided by 188.
14
Calculate the remainder when 17757 is divided by 658.
649
What is the remainder when 449136 is divided by 44913?
6
Calculate the remainder when 3749940 is divided by 88.
84
What is the remainder when 571564 is divided by 63507?
1
What is the remainder when 79925 is divided by 249?
245
What is the remainder when 1041357 is divided by 16?
13
Calculate the remainder when 382840 is divided by 107.
101
What is the remainder when 2393 is divided by 228?
113
What is the remainder when 4235 is divided by 296?
91
What is the remainder when 70433 is divided by 522?
485
Calculate the remainder when 777 is divided by 450.
327
What is the remainder when 1219 is divided by 411?
397
What is the remainder when 6063 is divided by 3029?
5
What is the remainder when 35303 is divided by 27?
14
What is the remainder when 4580 is divided by 61?
5
What is the remainder when 3913 is divided by 1941?
31
Calculate the remainder when 4062 is divided by 4056.
6
Calculate the remainder when 7763 is divided by 7761.
2
Calculate the remainder when 16509 is divided by 96.
93
Calculate the remainder when 9706 is divided by 1502.
694
Calculate the remainder when 11195 is divided by 508.
19
What is the remainder when 2967092 is divided by 139?
137
Calculate the remainder when 2965 is divided by 7.
4
What is the remainder when 559 is divided by 293?
266
What is the remainder when 20435 is divided by 78?
77
What is the remainder when 2261 is divided by 26?
25
What is the remainder when 266 is divided by 123?
20
What is the remainder when 2799 is divided by 963?
873
Calculate the remainder when 122854 is divided by 819.
4
Calculate the remainder when 57256 is divided by 9542.
4
What is the remainder when 10726 is divided by 21?
16
What is the remainder when 20374 is divided by 127?
54
Calculate the remainder when 75345 is divided by 110.
105
What is the remainder when 114385 is divided by 19062?
13
What is the remainder when 12498 is divided by 4070?
288
What is the remainder when 17133 is divided by 1069?
29
What is the remainder when 44584 is divided by 45?
34
Calculate the remainder when 355273 is divided by 45.
43
Calculate the remainder when 2874 is divided by 59.
42
What is the remainder when 3716 is divided by 1215?
71
Calculate the remainder when 1950 is divided by 423.
258
Calculate the remainder when 385172 is divided by 355.
352
Calculate the remainder when 3436 is divided by 77.
48
What is the remainder when 3224 is divided by 121?
78
Calculate the remainder when 38473 is divided by 353.
349
Calculate the remainder when 3092 is divided by 31.
23
Calculate the remainder when 16056 is divided by 15890.
166
Calculate the remainder when